and g.
24
Let n(m) = 29*m + 13. Let a(j) = 10*j + 4. Let x(r) = 11*a(r) - 4*n(r). Let y be x(-8). Calculate the highest common divisor of y and 16.
8
Let m = 75 - 33. Let q be 8*7*36/m. What is the greatest common factor of q and 16?
16
Let m be (-7)/14*(1 - -3). Let u be (3/m)/(3/(-8)). What is the highest common divisor of u and 4?
4
Let u(y) be the second derivative of 3*y - 1/3*y**3 + y**2 + 0. Let x be u(-4). What is the highest common factor of 20 and x?
10
Let z(y) = 4*y - 8. Let v be z(9). Calculate the highest common divisor of v and 4.
4
Let k be -14*((-15)/6)/5. Suppose -2*c + k*c = 5. Suppose 12 = 5*z + 2*l, 4*l = -3*z - c - 3. Calculate the highest common factor of 2 and z.
2
Let w be (-8)/((-68)/(-22) - 3). Let a be (3 - (6 + -2))*w. Calculate the highest common divisor of 8 and a.
8
Suppose -1 = v - 5*f + 7, 0 = -f + 2. Let n(h) = 4*h**2 + h. Let k be n(-1). Calculate the greatest common divisor of k and v.
1
Suppose 0 = -4*r - 1 + 13. Suppose 7*p - 260 = r*p. Suppose -4*c + p = -3*g - 104, -3*c + 117 = g. What is the greatest common divisor of 16 and c?
8
Let t = 130 + -60. Suppose -12 - 28 = -4*z. Calculate the greatest common factor of z and t.
10
Let r be (-5)/(10/4) + (-180)/(-10). What is the highest common divisor of 64 and r?
16
Let c be 2/(-4*2/(-204)). Let r be 1/(-2 + 345/170). What is the highest common divisor of c and r?
17
Let d = 12 + -3. Let o be ((-4)/(-3))/((-2)/(-108)). What is the greatest common factor of d and o?
9
Let i be (2 + 8/(-6))*(-1 + 61). Calculate the highest common factor of i and 64.
8
Let u(g) = -g**3 - 5*g**2 + 4*g. Let h be u(-6). Let a be 2/(-8) + 584/32. Calculate the greatest common divisor of a and h.
6
Let t = -3 + 5. Let r be ((-15)/(-10) - 2/4)*3. What is the greatest common factor of r and t?
1
Let z = 119 - 108. Calculate the highest common divisor of 99 and z.
11
Suppose 2*m - m + 4*d = 0, -2*m + d + 18 = 0. Calculate the highest common factor of m and 12.
4
Let l be (36/8)/(6/40). What is the greatest common factor of l and 45?
15
Suppose 3*j + 7 = 4. Let o be -3 + 1 + 0 + -1. Let l be 2 + (o - 7/j). Calculate the highest common divisor of 15 and l.
3
Let p be (-2)/(-5) - 33/(-5). Suppose -4*r + y = p, 5*r = 3*y - y - 8. Let o be (-22)/r*(-1 - -2). What is the highest common factor of o and 55?
11
Let r(c) = -c**3 + 7*c**2 - c + 17. Let j be r(7). What is the highest common divisor of j and 110?
10
Let d(n) = -4 + 3*n + n**3 - 4*n**2 + n**3 - 3*n**3 + 0*n**3. Let j be d(-5). Calculate the greatest common factor of j and 54.
6
Let m(t) be the first derivative of 3*t**2/2 - 3*t - 2. Let s be m(5). What is the greatest common divisor of 48 and s?
12
Suppose 3*x - 43 = 3*q - 10, 0 = x + 4*q - 11. What is the greatest common divisor of x and 55?
11
Let x = -2 - -1. Let r = x + 3. Suppose 2*h = w + 4, -5*w - r*h + 16 = -12. Calculate the greatest common divisor of 16 and w.
4
Let f be (1 - (-12)/5)*5. Let t be f + (1*-6 - -3). Suppose 4*z = -2*i - t, 4*i = 6*i + z - 1. Calculate the greatest common divisor of i and 21.
3
Let y be 142/(-8) - (-2)/(-8). Suppose -3*t = -7*t + 16. Let x be ((-20)/6)/(t/y). Calculate the greatest common divisor of x and 3.
3
Let a = 4 - 6. Let z be (8 + a)*(-4)/(-6). What is the greatest common divisor of z and 28?
4
Suppose 3*j + 99 = -2*c, -3*c = -0*c - 9. Let a be (32/28 + -2)*j. Calculate the greatest common factor of a and 15.
15
Suppose -w = -2*n - 17, -4*w + 2*w + 5*n = -30. Calculate the greatest common divisor of 50 and w.
25
Let t = -8 - -20. Calculate the greatest common factor of t and 30.
6
Let o = -21 + 38. Suppose -22*b + 1309 = -11*b. What is the highest common factor of b and o?
17
Suppose -13*d + 7*d = -120. What is the highest common divisor of d and 50?
10
Let i(x) = x**3 - 5*x**2 + 5*x - 2. Let p be i(4). Let k be 8/p*22/(-8). Let t = k - -20. Calculate the highest common divisor of t and 3.
3
Let t = -9 - -8. Let j be 4/(-4) + (-5)/t. Let p be -2*(-10)/8*j. Calculate the highest common divisor of 40 and p.
10
Let i = 6 - 10. Let l = -3 + 3. Let n be 2*(l - 2/i). What is the highest common divisor of 9 and n?
1
Let q(f) = f**3 + 2*f**2 - 5*f - 2. Let v be q(-3). Let y be 0 - -1 - (1 - 1). What is the greatest common factor of y and v?
1
Let p = 7 + 43. What is the highest common factor of p and 20?
10
Suppose 3*t - 46 + 22 = 0. Let g = 35 - 15. Calculate the highest common factor of g and t.
4
Let s(p) = -p**2 - 11*p + 5. Let q be s(-10). Suppose -80 + 500 = 4*o. Calculate the greatest common factor of o and q.
15
Suppose 3*n - 2*j = 2*n + 6, 0 = -n - 4*j + 36. Calculate the greatest common factor of n and 144.
16
Let r be 48/(-9)*(-18)/8. Suppose -4*v + 762 = 234. What is the highest common factor of r and v?
12
Let z = -29 - -52. Calculate the highest common factor of z and 161.
23
Suppose 2*c + 42 = 4*c - 4*a, 0 = -c + 3*a + 24. What is the greatest common factor of 21 and c?
3
Let g(o) = -8 - 54*o + 1 + 7. Let i be g(-1). What is the highest common divisor of 18 and i?
18
Suppose -3*g + 19 = 5*b - 3, 31 = 4*g + 5*b. What is the greatest common divisor of 36 and g?
9
Suppose 0 = 2*y + x - 38, -2*y + 3*x = 16 - 54. Suppose -1 = -d + a, 5*d - y = -2*a + 21. Let w = -1 - -67. What is the greatest common factor of d and w?
6
Let y be -4*(4/(-2))/1. Let j(f) = -8*f**3 + 5*f**2 + 4*f - 1. Let v be j(-1). Calculate the greatest common divisor of y and v.
8
Suppose 10*k - 378 = -38. What is the highest common factor of 51 and k?
17
Let q(j) = 3 + 27*j - 2 + 0. Let g be q(2). What is the greatest common factor of 11 and g?
11
Suppose -3*r = -4*w + 15 + 5, w + 10 = -3*r. Suppose w = u - 13. Calculate the highest common divisor of u and 10.
5
Let t be (-4 - 51)/(0 - -1). Let y be 25/(-2)*88/t. What is the highest common factor of y and 20?
20
Suppose 0 = -4*x - 4*r - 3 + 283, -2*x + 4*r + 128 = 0. Let y = 14 + 3. Suppose -y = 2*f - 3*f. What is the greatest common divisor of f and x?
17
Suppose 3*y - 1 = 2. Let p = -120 - -123. Calculate the highest common divisor of p and y.
1
Suppose 2*p + 2 = -6. Let z be (p/(-6))/(2/(-3)). Let a(t) = 14*t**2 + 2*t + 1. Let x be a(z). What is the greatest common factor of x and 143?
13
Let a be (-1 + 0)*(1 + 0). Let c be 0 + 4 - (a - 0). Suppose -y - 5 = -2*p - 46, -5*p = -c*y + 225. What is the greatest common factor of 7 and y?
7
Let y(v) = -7*v**3 + v + 2. Let z be y(-1). Let j = -1 + 2. Suppose -2*h = 0, -2*h - j - 3 = -2*n. What is the greatest common divisor of z and n?
2
Let m = -4 + 81. Let q(s) = s + 4. Let h be q(5). Let v = 20 - h. What is the highest common divisor of v and m?
11
Suppose 0 + 5 = 5*m. Calculate the highest common factor of m and 7.
1
Let b be (5 + -3)*9/6. Suppose -2*o - b*o + 15 = 0. Suppose 10 = 3*v + 4*d, -v - 6 = -4*d - 20. What is the highest common divisor of o and v?
3
Let w(v) = -2*v - 6. Let k be w(-5). Suppose 3*y = -5*g + 42, 2*y + 6 = 3*g - 4. What is the greatest common divisor of k and g?
2
Let k(g) = g**2 + g + 2. Let q be k(0). Let f be -4 + -16 + 1 + -2. Let t = f - -23. What is the highest common divisor of t and q?
2
Let f = 26 - 18. What is the greatest common factor of 16 and f?
8
Let u = -13 + 36. Calculate the greatest common factor of 161 and u.
23
Let y = 77 + -51. What is the highest common divisor of 182 and y?
26
Suppose 3 = v, u + 7 = -u + 5*v. Suppose -2*j + u*j - 6 = 0. Let h(y) = -y**3 + 3*y**2 + 3. Let t be h(3). What is the highest common factor of j and t?
3
Let t be (210/2 - -1) + -5 + 7. What is the highest common factor of 12 and t?
12
Let a(n) = -n**2 - 36*n - 14. Let v be a(-16). Calculate the greatest common factor of 34 and v.
34
Suppose w - 4*x = 2*w - 184, -5*x = 2*w - 362. Calculate the greatest common factor of w and 16.
16
Suppose 0 = -5*c - x + 1951, -x + 290 = c - 97. Calculate the highest common divisor of c and 17.
17
Suppose 0 = 4*b + 45 - 113. What is the highest common factor of b and 34?
17
Suppose -2*j = -4*i - 12, i + 43 + 14 = 5*j. Let c(m) = -m**3 - 7*m**2 - 14*m - 42. Let x be c(-6). What is the greatest common factor of x and j?
6
Let p be (-2 - -5)/3*-29. Let l = p + 43. Calculate the greatest common factor of 7 and l.
7
Let n(c) = c**3 + 4*c**2 + 4*c + 3. Let a be n(-3). Suppose 2*r = 4*m - 166, a*m = 3*m + r - 117